hat is the units digit of 2412052190?
0
What is the thousands digit of 1198561237?
1
What is the tens digit of 7639143?
4
What is the tens digit of 32455882?
8
What is the tens digit of 616756865?
6
What is the ten thousands digit of 79181232?
8
What is the millions digit of 731512389?
1
What is the ten millions digit of 38414493?
3
What is the hundred millions digit of 881420320?
8
What is the hundreds digit of 3285835356?
3
What is the hundred thousands digit of 5304879726?
8
What is the units digit of 463061697?
7
What is the hundred thousands digit of 138500054?
5
What is the ten thousands digit of 77046726?
4
What is the hundred thousands digit of 969083796?
0
What is the millions digit of 103022150?
3
What is the ten millions digit of 125396631?
2
What is the thousands digit of 81662538?
2
What is the thousands digit of 160163944?
3
What is the ten millions digit of 466596040?
6
What is the tens digit of 119481778?
7
What is the ten thousands digit of 1510126?
1
What is the hundreds digit of 285424497?
4
What is the units digit of 5749862865?
5
What is the tens digit of 97240385?
8
What is the millions digit of 2419789093?
9
What is the hundred thousands digit of 2165406904?
4
What is the hundred millions digit of 1385999173?
3
What is the units digit of 1616421787?
7
What is the millions digit of 78707073?
8
What is the thousands digit of 1403445349?
5
What is the units digit of 74004956?
6
What is the millions digit of 107734348?
7
What is the units digit of 132302357?
7
What is the ten millions digit of 1042835531?
4
What is the ten millions digit of 2285832810?
8
What is the ten millions digit of 7139617260?
3
What is the units digit of 2203134268?
8
What is the units digit of 50038571?
1
What is the hundreds digit of 593460239?
2
What is the thousands digit of 31743917?
3
What is the units digit of 33771566?
6
What is the thousands digit of 1571725411?
5
What is the ten millions digit of 38294700?
3
What is the units digit of 25914805?
5
What is the hundred thousands digit of 2609712564?
7
What is the ten millions digit of 76589546?
7
What is the tens digit of 29588109?
0
What is the units digit of 25350463?
3
What is the ten thousands digit of 46388871?
8
What is the thousands digit of 723442192?
2
What is the units digit of 503044104?
4
What is the ten millions digit of 154835116?
5
What is the ten millions digit of 18685471?
1
What is the units digit of 2426311490?
0
What is the thousands digit of 243778133?
8
What is the hundreds digit of 549105392?
3
What is the ten millions digit of 1835523399?
3
What is the hundreds digit of 5309354162?
1
What is the tens digit of 49177208?
0
What is the hundred thousands digit of 195977685?
9
What is the ten millions digit of 81248833?
8
What is the units digit of 118412481?
1
What is the hundred thousands digit of 3893279086?
2
What is the tens digit of 242384411?
1
What is the units digit of 21757504?
4
What is the hundreds digit of 152272226?
2
What is the hundreds digit of 377669749?
7
What is the units digit of 2712769564?
4
What is the thousands digit of 557952003?
2
What is the ten thousands digit of 703551646?
5
What is the millions digit of 77340247?
7
What is the hundred thousands digit of 93095085?
0
What is the hundreds digit of 3336151967?
9
What is the ten thousands digit of 790884?
9
What is the millions digit of 1211716620?
1
What is the millions digit of 4514734?
4
What is the units digit of 35140805?
5
What is the thousands digit of 939390590?
0
What is the units digit of 72169987?
7
What is the units digit of 1481624536?
6
What is the billions digit of 4115016381?
4
What is the units digit of 1497272448?
8
What is the billions digit of 2616100394?
2
What is the hundreds digit of 83997021?
0
What is the thousands digit of 24885814?
5
What is the millions digit of 510836905?
0
What is the hundreds digit of 99218435?
4
What is the thousands digit of 323199576?
9
What is the hundreds digit of 129250797?
7
What is the millions digit of 68123717?
8
What is the tens digit of 53462093?
9
What is the hundred millions digit of 990687917?
9
What is the thousands digit of 4666370874?
0
What is the tens digit of 44901369?
6
What is the ten millions digit of 10895522?
1
What is the ten thousands digit of 2426669283?
6
What is the ten thousands digit of 2515279351?
7
What is the tens digit of 362962668?
6
What is the hundred thousands digit of 60578456?
5
What is the ten thousands digit of 96200171?
0
What is the millions digit of 49395441?
9
What is the tens digit of 406375218?
1
What is the ten thousands digit of 285546015?
4
What is the millions digit of 644140394?
4
What is the ten thousands digit of 3927925745?
2
What is the hundred millions digit of 124562648?
1
What is the units digit of 32695196?
6
What is the units digit of 30774051?
1
What is the ten thousands digit of 38822889?
2
What is the ten thousands digit of 121009711?
0
What is the units digit of 68080203?
3
What is the tens digit of 1840382317?
1
What is the ten millions digit of 1786691886?
8
What is the ten thousands digit of 72076926?
7
What is the ten thousands digit of 2024723227?
2
What is the ten thousands digit of 31038804?
3
What is the millions digit of 470032733?
0
What is the hundred millions digit of 2429125597?
4
What is the hundred thousands digit of 120350104?
3
What is the tens digit of 306340999?
9
What is the units digit of 5960547938?
8
What is the billions digit of 1272699898?
1
What is the ten millions digit of 128687190?
2
What is the units digit of 82302036?
6
What is the tens digit of 192956171?
7
What is the hundreds digit of 49744188?
1
What is the ten thousands digit of 73639809?
3
What is the thousands digit of 485900096?
0
What is the hundred millions digit of 1877898150?
8
What is the hundreds digit of 209491861?
8
What is the units digit of 106027945?
5
What is the units digit of 804364322?
2
What is the ten millions digit of 718530732?
1
What is the ten millions digit of 1771852908?
7
What is the millions digit of 26816216?
6
What is the millions digit of 10380445?
0
What is the ten thousands digit of 6293587832?
8
What is the units digit of 98455853?
3
What is the hundred thousands digit of 1043503166?
5
What is the billions digit of 1818113693?
1
What is the thousands digit of 4531437694?
7
What is the tens digit of 39650913?
1
What is the thousands digit of 549158987?
8
What is the hundred thousands digit of 137105929?
1
What is the thousands digit of 1966289191?
9
What is the hundred millions digit of 696228564?
6
What is the hundreds digit of 242529920?
9
What is the thousands digit of 564794424?
4
What is the millions digit of 1043328424?
3
What is the tens digit of 139048567?
6
What is the hundred millions digit of 1447873192?
4
What is the ten millions digit of 373020069?
7
What is the tens digit of 547836484?
8
What is the hundred millions digit of 273025769?
2
What is the hundreds digit of 1380675926?
9
What is the thousands digit of 84409694?
9
What is the hundreds digit of 1170874158?
1
What is the ten millions digit of 1696310332?
9
What is the hundred millions digit of 2914216963?
9
What is the tens digit of 47283415?
1
What is the thousands digit of 59888713?
8
What is the tens digit of 455401912?
1
What is the hundreds digit of 155952970?
9
What is the ten thousands digit of 3445436750?
3
What is the hundred millions digit of 291532133?
2
What is the ten thousands digit of 45989077?
8
What is the ten thousands digit of 140368664?
6
What is the tens digit of 2942045693?
9
What is the billions digit of 2567020609?
2
What is the tens digit of 54073998?
9
What is the hundreds digit of 65680411?
4
What is the tens digit of 37950252?
5
What is the tens digit of 2150727185?
8
What is the ten millions digit of 780698302?
8
What is the hundreds digit of 2202926?
9
What is the millions digit of 2059283479?
9
What is the tens digit of 228987407?
0
What is the hundreds digit of 15926832?
8
What is the thousands digit of 5305581821?
1
What is the hundreds digit of 7030779336?
3
What is the tens digit of 566457411?
1
What is the hundreds digit of 714763912?
9
What is the ten millions digit of 201531930?
0
What is the thousands digit of 346943234?
3
What is the ten thousands digit